 - -5108554?
5108557
In base 2, what is -100111000111011111011 - 101?
-100111000111100000000
In base 4, what is 3 + 1213221212220?
1213221212223
In base 13, what is -2135a6 - -6?
-2135a0
In base 8, what is 5 - 3643766?
-3643761
In base 8, what is 2030741723 - 3?
2030741720
In base 16, what is -30c1e + -e4e?
-31a6c
In base 9, what is -26612 + 52?
-26550
In base 8, what is -6134 + 140601?
132445
In base 14, what is -1513 + -2744?
-3c57
In base 4, what is -10210313 - 321211?
-11132130
In base 5, what is 202331434 - 4?
202331430
In base 7, what is 1462 - 2024323?
-2022531
In base 10, what is -79749 + 160?
-79589
In base 12, what is -243 - b567a?
-b5901
In base 8, what is 3127622 + -1254?
3126346
In base 3, what is 1022100220 - 101020?
1021222200
In base 16, what is 93 + -130cb2?
-130c1f
In base 2, what is 1100110110 - -11101001011101?
11110110010011
In base 5, what is 1034431 + -34?
1034342
In base 12, what is 2 - 4b728a9?
-4b728a7
In base 12, what is 1b4 - -46b1?
48a5
In base 4, what is -10310 - 2103030111?
-2103101021
In base 7, what is 10212 + 4144?
14356
In base 5, what is 14421211 + -24?
14421132
In base 9, what is -17 - -38723546?
38723528
In base 16, what is -3 - -2637aab?
2637aa8
In base 5, what is 440322 + 1320?
442142
In base 9, what is -26 + -24168047?
-24168074
In base 5, what is 240313204231 + 4?
240313204240
In base 6, what is -35402334 - -33?
-35402301
In base 8, what is -1 - -70074142?
70074141
In base 16, what is 10a27 - -a6?
10acd
In base 14, what is 193436 + 9?
193441
In base 6, what is 353240 + 1004?
354244
In base 3, what is 112221111112 + 120202?
112222002021
In base 3, what is -2220010 + 1220022?
-222211
In base 6, what is 3122 + -24233?
-21111
In base 8, what is 20314 + 132176?
152512
In base 10, what is 13941438 - -5?
13941443
In base 7, what is -225215106 - 106?
-225215215
In base 3, what is 1020021 - 101012020?
-22221222
In base 3, what is 2 - 2111220010221?
-2111220010212
In base 13, what is 7632 - 299?
7366
In base 12, what is -70480 + 57?
-70425
In base 13, what is 18c - -2a52a7?
2a5466
In base 14, what is -1938c854 - -1?
-1938c853
In base 15, what is 18132 - -b?
1813d
In base 16, what is 203 - 5c1c?
-5a19
In base 14, what is 7a + 930c?
9388
In base 13, what is -78 - -a17019?
a16c71
In base 9, what is 11 - 1840012?
-1840001
In base 5, what is -2214044 + -201004?
-2420103
In base 14, what is 16602a46 - 5?
16602a41
In base 4, what is 0 - -32111222000003?
32111222000003
In base 3, what is 1211 + -102121120111100?
-102121120102112
In base 12, what is 38a + -2aba0?
-2a812
In base 14, what is -4a3 - 4a051?
-4a514
In base 9, what is 7 + -184327?
-184320
In base 7, what is -1156 + 10526232?
10525043
In base 11, what is a2 - -53459?
53550
In base 3, what is 12101 - -1220021210101?
1220021222202
In base 14, what is bcb514 - 7a?
bcb478
In base 4, what is 200313330 - -1103?
200321033
In base 12, what is -1b646 + 127?
-1b51b
In base 5, what is -10320010 - -12?
-10314443
In base 7, what is -1616106516 - 1?
-1616106520
In base 14, what is -650ca8c6 + 2?
-650ca8c4
In base 16, what is -2e804f - c?
-2e805b
In base 9, what is -4 + -5466631?
-5466635
In base 15, what is -2 - 14982a2?
-14982a4
In base 15, what is 12 + -8d3c41?
-8d3c2e
In base 3, what is -2011212020220100 + 110?
-2011212020212220
In base 5, what is -4 + 120144323303?
120144323244
In base 2, what is 111001011001110101000 + 1010?
111001011001110110010
In base 7, what is -1006001 - -20?
-1005651
In base 13, what is ac - 38449?
-3836a
In base 12, what is -3 - -157201?
1571ba
In base 10, what is -5825999 - -144?
-5825855
In base 8, what is 257600200 - 5?
257600173
In base 5, what is 234132402 - -330?
234133232
In base 10, what is 47248209 + 5?
47248214
In base 7, what is -3160366 - -565?
-3156501
In base 5, what is -1002440310 + -21?
-1002440331
In base 15, what is -1c6 - 4d05c0?
-4d0796
In base 16, what is 1b8 - 4eb4?
-4cfc
In base 6, what is -3040154 - 3315?
-3043513
In base 7, what is -2456311 - 42?
-2456353
In base 3, what is -1 - -1112000101011?
1112000101010
In base 4, what is 2333021110000 - 2?
2333021103332
In base 9, what is -47021573 + 3?
-47021570
In base 3, what is -11 - 12022010112221?
-12022010120002
In base 15, what is 785a6 + -3?
785a3
In base 16, what is -6a + -13061?
-130cb
In base 6, what is 313543 + -13131?
300412
In base 16, what is -45 + -6cc02?
-6cc47
In base 15, what is 2caa86 + -24?
2caa62
In base 8, what is 146475742 - -1?
146475743
In base 10, what is -139 + -107622?
-107761
In base 12, what is 1 + 9b51944?
9b51945
In base 12, what is b416 - 107?
b30b
In base 3, what is -1021112102211 + 1220?
-1021112100221
In base 16, what is -37 - 74f4?
-752b
In base 6, what is -22 + -11150101105?
-11150101131
In base 7, what is -544 + -2311400?
-2312244
In base 5, what is -2 - 203310434314?
-203310434321
In base 3, what is 100110210010 - 11211?
100110121022
In base 12, what is 1029a4ba + -5?
1029a4b5
In base 7, what is -1304314 - -51?
-1304233
In base 5, what is 10423423 - -404?
10424332
In base 16, what is 0 + -20dfb97?
-20dfb97
In base 11, what is 65 - -210aa4?
211059
In base 15, what is -124e - -3a5?
-d99
In base 14, what is 5 - -c1c45a?
c1c461
In base 14, what is 3 - 1b2c795?
-1b2c792
In base 11, what is -a012578 - -1?
-a012577
In base 6, what is -23351 - -45330?
21535
In base 13, what is -7bac6 - -45?
-7ba81
In base 16, what is 5538 + -22a?
530e
In base 11, what is -170a0 + 93?
-17008
In base 8, what is -14 + 76234?
76220
In base 10, what is 11256709 - 15?
11256694
In base 16, what is 3 + 3f34d6?
3f34d9
In base 14, what is -3449 + -2d53?
-639c
In base 8, what is -321026 + -3516?
-324544
In base 4, what is -22231332002132 - 1?
-22231332002133
In base 12, what is 4b0236 + 11?
4b0247
In base 3, what is -1200111 + 10211000222?
10202100111
In base 10, what is 1 - -4524668?
4524669
In base 15, what is 20 - -12c1ab?
12c1cb
In base 8, what is 20123 - -25?
20150
In base 9, what is -2 - 15268037?
-15268040
In base 15, what is 12566 + 2a4?
1281a
In base 9, what is -25500 - 5005?
-31505
In base 15, what is b44eb + -2a?
b44c1
In base 15, what is c - -2b102c?
2b1039
In base 8, what is 15127077 + -6?
15127071
In base 11, what is -7097 - -1a127?
13040
In base 2, what is 1001001101101010000011 - -1?
1001001101101010000100
In base 7, what is 3332642 - 1101?
3331541
In base 2, what is -10000011010111000000 + 11001011?
-10000011010011110101
In base 8, what is -374627 - -72?
-374535
In base 2, what is -100 - 1011001000000011111110001?
-1011001000000011111110101
In base 9, what is -50810 + -13170?
-64080
In base 13, what is -2136 + 3024?
bbb
In base 12, what is -904a - -354?
-88b6
In base 12, what is 3079 - -552?
360b
In base 15, what is 60da8e6 - -5?
60da8eb
In base 8, what is -115542 + 1532?
-114010
In base 13, what is -2709 - 1403?
-3b0c
In base 16, what is 1c1 - 2833f0?
-28322f
In base 6, what is -104525442253 + 1?
-104525442252
In base 8, what is -633101 - -12?
-633067
In base 14, what is 9d3775d - 5?
9d37758
In base 3, what is 20012 - -1102002?
1122021
In base 11, what is 118a67 + -2123?
116944
In base 3, what is 1 + -22001220020210111?
-22001220020210110
In base 12, what is 833813 + -551?
833282
In base 11, what is 25900 + -2308?
235a3
In base 14, what is 2215 + -1a645?
-18430
In base 9, what is 1 - -8423182?
8423183
In base 3, what is 11210022102221 - -1?
11210022102222
In base 10, what is 7 - -17927862?
17927869
In base 5, what is 24 - -1331134021?
1331134100
In base 2, what is -100100010001 - -1000111000111001011?
1000110100010111010
In base 9, what is 2174400805 - 2?
2174400803
In base 14, what is -7a4 + 129ad?
12209
In base 6, what is 102022203 + -4?
102022155
In base 9, what is -3 + 215343778?
215343775
In base 8, what is -73271 - -1376?
-71673
In base 5, what is -3 + 300414122?
300414114
In base 9, what is 1486185 - -1?
1486186
In base 10, what is 845036 + 8?
845044
In base 7, what is 20262565645 - -3?
20262565651
In base 3, what is -2 + 12221120100112010?
12221120100112001
In base 4, what is -10122312 + 33120131?
22331213
In base 8, what is 2217 - 22641?
-20422
In base 3, what is 1110 - 11102122220102?
-11102122211222
In base 11, what is 486 + 1299741?
129a117
In base 8, what is -130117247 - -11?
-130117236
In base 11, what is 437 + 27616?
27a52
In base 7, what 